 - 342, 0 = 4*c + p - 217. Calculate the remainder when c is divided by 6*(2 - (0 + 0)).
7
Suppose 2*j - 46 = -38. Let w be (25/j)/((-3)/(-12) - 0). Calculate the remainder when 5/w - (-109)/5 is divided by 12.
10
Calculate the remainder when 759 is divided by ((-54)/72)/(-1 - 159/(-168)).
3
Let z = 52 - 136. Let s = 105 + z. Calculate the remainder when 83 is divided by s.
20
Let b(v) = -6*v + 45. Let d be b(7). Suppose -199 = -d*r + 4*z + 847, -4*r - 4*z + 1404 = 0. What is the remainder when r is divided by 44?
42
Let f = 8 + -6. Suppose -7*x + 2*x = -20, -f*x + 28 = -2*h. Calculate the remainder when 117 is divided by -1 + 14 + (-40)/h.
15
Suppose -4*b + 137 = 3*s, -3*b + 23*s = 26*s - 108. Let d = 59 + 85. Calculate the remainder when d is divided by b.
28
Let a(b) = -2027*b + 178. Calculate the remainder when 4421 is divided by a(-1).
11
Suppose 3*x - 2*c = -x + 188, 3*x + c = 136. Let s = 54 - x. Let r = 1 + 2. What is the remainder when s is divided by r?
2
Suppose -117*r - 4469 = -4*l - 116*r, 2*l = 2*r + 2224. Calculate the remainder when l is divided by 227.
211
Let m = 9657 + -9373. What is the remainder when m is divided by 88?
20
Suppose -36 = -x + 2*p, 0 = 5*x - p - 158 - 40. Calculate the remainder when 215 is divided by x.
15
Let p = -34761 + 34813. Let n(m) = -29*m**3 - 1. Let i be 2/(-7) - 10/14. What is the remainder when p is divided by n(i)?
24
Let k = 6188 + -6183. Calculate the remainder when (3 - -6)*(2 + 9) is divided by k.
4
Suppose m - 2421 = -4*z, -96*z + 99*z = 3*m + 1827. Suppose -3*t - 41 = -f, -2*t = 4*f - 108 - 42. What is the remainder when z is divided by f?
36
Let x(r) be the second derivative of 0 - 9*r - 9/2*r**2 + 7/6*r**3 - 1/3*r**4 + 1/10*r**5. What is the remainder when x(4) is divided by 14?
13
Suppose 0 = -3*q - 4*s + 331, q + 2*s = 85 + 28. What is the remainder when 530 is divided by q?
5
Let x(g) = -11*g - 6. Let u be x(-4). Suppose 4*s = u + 26. Let c(o) = 259*o + 7002. Calculate the remainder when s is divided by c(-27).
7
Suppose -4*r + 0*u = u - 179, -3 = 3*u. Suppose 5*l - r = 190. Suppose -7*p + 214 = 46. What is the remainder when l is divided by p?
23
Let x(i) = -1269*i - 34212. Calculate the remainder when 1/(-3) + (-301)/(-3) is divided by x(-27).
49
Let i = 149 + -152. What is the remainder when 5/(35/539) - i is divided by 27?
26
Suppose 59046 = 2*l - 5*f, -110293 = -3*l + 2*f - 21702. Calculate the remainder when l is divided by 13.
10
Suppose 40 = 2*a + 3*a. Suppose 216 = 2*c - j - 5*j, 0 = 4*c + 5*j - 381. What is the remainder when c/12*a/3 is divided by 6?
4
Let l(p) = p**3 + 3*p**2 - 13*p - 23. Let k be l(-4). Suppose -2520 = -43*t + k*t. Calculate the remainder when 244 is divided by t.
76
Let w = -14167 - -14236. What is the remainder when 136 is divided by w?
67
Suppose w - 4*q + 8*q - 1060 = -w, -q = 0. What is the remainder when w is divided by 93?
65
Let s(g) = 7*g**2 - 2*g + 80. What is the remainder when s(-15) is divided by 77?
68
Let f = 111 - 96. Suppose -f*t - 26 = -17*t. What is the remainder when 49 is divided by t?
10
Suppose 0 = -5*l + 2*z + 978, 5*l - 48*z + 52*z = 1044. Suppose 0 = -3*n + 21 - 0. Calculate the remainder when l is divided by n.
4
Let u be 4*(-3)/(-24)*4. Suppose 4*p + u*m = 1594, -2*p + 376 = -m - 419. Calculate the remainder when p is divided by 25.
23
Suppose 0 = -8*g + 4*y + 108, 5*g + 4*y - 32 = 94. Let z = -422 + 209. Let l = 320 + z. Calculate the remainder when l is divided by g.
17
Suppose 0 = -4*n - 4*i + 192, 2*i + 355 - 913 = -13*n. Suppose 18*a + 424 = 22*a. What is the remainder when a is divided by n?
22
Suppose 152*p + 30834 = 161*p. Calculate the remainder when p is divided by 143.
137
Suppose 0 = -2*m + 4*w + 26, 95*m + 3*w = 101*m - 60. What is the remainder when 897 is divided by m?
6
Let a(k) = -87*k - 39. Let z be a(-12). Suppose -9*y = 6*y - z. What is the remainder when y is divided by 18?
13
Let c = 24 - 10. Let g = -714 + 724. Calculate the remainder when c is divided by g.
4
Calculate the remainder when 20705 is divided by (5/(210/(-28)))/(2/(-102)).
33
Let y be 2 - 4 - (-10 + 4)/1. Suppose 133 = 3*h - y*q, 0 = 4*h - 5*h + 3*q + 46. Calculate the remainder when 143 is divided by h.
14
Suppose 4*t + 3*m = -9, 5*t = 4*t + 7*m + 52. Calculate the remainder when 43 is divided by t.
1
Suppose 3*u = -4*f + 5133, 3*f + 5196 = -19*u + 22*u. Calculate the remainder when u is divided by 173.
166
Let v(j) = j + 2. Let y(u) = -2*u - 77. Let t(b) = 5*v(b) + y(b). Let r be t(19). Calculate the remainder when -2*(2 + 115/r) is divided by 5.
4
Let i(t) = -t**2 + 15*t + 1. What is the remainder when (-45)/(-2)*-7*(-1)/14*12 is divided by i(11)?
0
Let j = 30 + 24. Let h(a) = -a**2 + a - 2. Let b be h(4). Let w = 33 + b. What is the remainder when j is divided by w?
16
Suppose -37*h - 5589 + 16171 = 0. Calculate the remainder when 795 is divided by h.
223
Let i = 24120 + -24060. Calculate the remainder when 2094 is divided by i.
54
Let m be (0 - (-1 - 0)) + 1. Suppose 3*j - 15 + 0 = 0, -m = -3*g + 5*j. Let d = 23 + g. What is the remainder when 126 is divided by d?
30
Let o(c) = -c**2 - 102*c - 115. Calculate the remainder when o(-87) is divided by 1186.
4
What is the remainder when 103 is divided by (-4)/24 + 1679/138*(2 - 1)?
7
Let p(z) = 81*z + 1. Suppose 39*g + 2*h - 59 = 36*g, -h - 64 = -4*g. Calculate the remainder when p(1) is divided by g.
14
Let h be (-3)/2 + (-2)/(4 - 0). Let a be -1*((h + 1 - -2) + -35). Let n = a + 24. What is the remainder when n is divided by 12?
10
Let s = -3205 + 3401. Calculate the remainder when 600 is divided by s.
12
Let c = 52 + -47. Suppose 5*t - 4*t = -3*z + 21, -c*t - 39 = -3*z. Calculate the remainder when 36 is divided by z*(-6)/(-40)*(-40)/(-6).
4
Let b(f) = -10035*f - 44. Calculate the remainder when b(-1) is divided by 8.
7
Let o(l) = -l**2 - 21*l - 34. Let c be o(-16). Suppose 314 = 12*i - c. What is the remainder when i is divided by 12?
6
Let j(a) = -66*a + 14. Let l be j(-6). Suppose -4*k - 6*k + l = 0. Calculate the remainder when 77 is divided by k.
36
Suppose 0 = 7*d - 4*d + 6, -4*d = 2*o - 694. What is the remainder when o is divided by 41?
23
Let h(d) = d**3 + 15*d**2 + 42*d - 53. Calculate the remainder when ((-6)/7)/((-12)/1512) is divided by h(-9).
53
Let k = 7234 - 7227. Calculate the remainder when 261 is divided by k.
2
Let x(m) be the first derivative of m**3 + 9*m**2 + 4*m + 17. What is the remainder when x(-9) is divided by 15?
10
Suppose 0 = -346*l + 348*l + 5*t - 36, -5*l + 67 = t. Calculate the remainder when 288 is divided by l.
2
Suppose 454 = -3*b - q, -q = 4*b - 4*q + 601. Let o = 89 + b. Let g = o + 69. What is the remainder when 26 is divided by g?
5
Let t(h) = -35*h. Let f(k) = -17*k. Let c(p) = -7*f(p) + 3*t(p). Let z be c(3). What is the remainder when -1*(-1 + 40)*z/(-18) is divided by 46?
45
Suppose 16 = 5*d - 14. Suppose 4*q + 962 = -d*m + m, -2*q - 190 = m. Let c = m - -396. Calculate the remainder when c is divided by 51.
49
Let m(p) = 45*p. Suppose 3 = t - 2, g - 11 = -2*t. Let k(n) = -2*n**2 - 106*n - 1024. Calculate the remainder when m(g) is divided by k(-40).
13
What is the remainder when (24822/(-12))/(-9 - (-231)/28) is divided by 92?
90
Let d be -20 - (-2 - (-2)/(-2)). Let p(c) = -c**2 - 17*c + 24. What is the remainder when -10*(2 + 104/(-20)) is divided by p(d)?
8
Suppose 0 = -3*s - 3 + 66. Suppose 3*y - 4*f - 12 - 32 = 0, -2*f = -5*y + 64. What is the remainder when s is divided by y?
9
Suppose -21*b - 4 + 382 = 0. Let j(w) = w**2 + 3*w + 1. Let x be j(-4). Suppose 33 = -2*t + x*t. Calculate the remainder when b is divided by t.
7
Let h = 611 + -1213. Let u = -17 - -39. Calculate the remainder when (h/21)/((16/6)/(-4)) is divided by u.
21
Let l(f) = f**3 + 6*f**2 + 5*f + 3. Let u be (5/((-20)/(-8)))/((-4)/10). Let o be l(u). Suppose 2*g = o*g - 41. Calculate the remainder when g is divided by 9.
5
Suppose 4*q = -5*l + 621 - 66, 3*l = -3. Calculate the remainder when 14558 is divided by q.
138
What is the remainder when (-2990)/(-70) - ((-115)/35 - (-39)/13) is divided by 9?
7
Suppose -1359 = -11*l + 170. Let h be ((-6)/9)/(4/(-18)). Suppose -h*f + l + 50 = 0. Calculate the remainder when f is divided by 17.
12
Suppose -33 = -5*h - v, 3*v - 15 